 by 1898.
53
What is the remainder when 187225 is divided by 8915?
10
What is the remainder when 10843725 is divided by 218?
187
What is the remainder when 10597604 is divided by 258?
254
What is the remainder when 40582 is divided by 788?
394
Calculate the remainder when 17780026 is divided by 8890011.
4
Calculate the remainder when 15505055 is divided by 9.
8
What is the remainder when 4436836 is divided by 177472?
36
Calculate the remainder when 973573 is divided by 24.
13
Calculate the remainder when 6068770 is divided by 45.
25
Calculate the remainder when 248887972 is divided by 16592531.
7
What is the remainder when 236708 is divided by 7519?
3619
Calculate the remainder when 161141 is divided by 4601.
106
Calculate the remainder when 401481 is divided by 8.
1
Calculate the remainder when 95728 is divided by 790.
138
Calculate the remainder when 548693 is divided by 497.
5
Calculate the remainder when 197241 is divided by 196833.
408
Calculate the remainder when 89368 is divided by 3712.
280
Calculate the remainder when 1751366 is divided by 35742.
8
What is the remainder when 1228775 is divided by 7144?
7
Calculate the remainder when 22737008 is divided by 568425.
8
What is the remainder when 2729444 is divided by 682345?
64
What is the remainder when 20174321 is divided by 6724761?
38
Calculate the remainder when 852015 is divided by 51.
9
Calculate the remainder when 4432354 is divided by 51.
46
Calculate the remainder when 60512 is divided by 537.
368
What is the remainder when 5199104 is divided by 27?
11
Calculate the remainder when 486537 is divided by 60782.
281
What is the remainder when 1990575 is divided by 124408?
47
What is the remainder when 22818539 is divided by 12?
11
What is the remainder when 847398 is divided by 282357?
327
What is the remainder when 8451611 is divided by 78?
77
What is the remainder when 3871703 is divided by 553099?
10
Calculate the remainder when 12280347 is divided by 471.
435
What is the remainder when 399965685 is divided by 206?
205
Calculate the remainder when 924714 is divided by 626.
112
What is the remainder when 25694 is divided by 560?
494
Calculate the remainder when 341962 is divided by 577.
378
Calculate the remainder when 371326 is divided by 46409.
54
What is the remainder when 465118 is divided by 36?
34
Calculate the remainder when 196548 is divided by 2513.
534
What is the remainder when 4860 is divided by 4798?
62
What is the remainder when 1512241 is divided by 62?
61
Calculate the remainder when 268946 is divided by 1358.
62
Calculate the remainder when 71300 is divided by 1942.
1388
Calculate the remainder when 6994481 is divided by 148.
1
Calculate the remainder when 23612424 is divided by 313.
17
What is the remainder when 103295 is divided by 13717?
7276
What is the remainder when 6903 is divided by 284?
87
Calculate the remainder when 11300906 is divided by 2825220.
26
Calculate the remainder when 430886 is divided by 397.
141
Calculate the remainder when 1104605 is divided by 599.
49
What is the remainder when 58138 is divided by 15055?
12973
Calculate the remainder when 72447 is divided by 703.
38
Calculate the remainder when 687217 is divided by 228943.
388
Calculate the remainder when 41869573 is divided by 75.
73
Calculate the remainder when 4623791 is divided by 1541260.
11
Calculate the remainder when 1139809 is divided by 446.
279
What is the remainder when 3728570 is divided by 765?
725
Calculate the remainder when 379435831 is divided by 1986575.
6
What is the remainder when 295238 is divided by 9226?
6
What is the remainder when 649333 is divided by 7135?
48
What is the remainder when 266884 is divided by 53347?
149
What is the remainder when 556889 is divided by 631?
347
What is the remainder when 2536240 is divided by 507245?
15
What is the remainder when 11434960 is divided by 20566?
264
What is the remainder when 819891 is divided by 136586?
375
Calculate the remainder when 1659314 is divided by 231.
41
Calculate the remainder when 2489616 is divided by 56.
24
What is the remainder when 94230127 is divided by 10?
7
Calculate the remainder when 67396 is divided by 3744.
4
Calculate the remainder when 348987 is divided by 12034.
1
What is the remainder when 189923 is divided by 623?
531
Calculate the remainder when 7992788 is divided by 151.
56
What is the remainder when 4610127 is divided by 1152514?
71
What is the remainder when 121595314 is divided by 192?
178
Calculate the remainder when 5666 is divided by 2365.
936
What is the remainder when 229238 is divided by 1749?
119
Calculate the remainder when 725746 is divided by 32988.
10
Calculate the remainder when 29280 is divided by 29268.
12
What is the remainder when 9917 is divided by 5161?
4756
Calculate the remainder when 7075118 is divided by 82.
76
Calculate the remainder when 328035 is divided by 1063.
631
Calculate the remainder when 361714 is divided by 8411.
41
What is the remainder when 9856566 is divided by 9856255?
311
What is the remainder when 265645 is divided by 88170?
1135
What is the remainder when 71334 is divided by 978?
918
What is the remainder when 353906 is divided by 52?
46
Calculate the remainder when 25463539 is divided by 17.
4
What is the remainder when 317065 is divided by 532?
525
Calculate the remainder when 4035234 is divided by 18.
12
What is the remainder when 252777 is divided by 5952?
2793
What is the remainder when 1179041 is divided by 51215?
1096
Calculate the remainder when 25390474 is divided by 1813605.
4
What is the remainder when 6836873 is divided by 71?
70
What is the remainder when 125407828 is divided by 10?
8
What is the remainder when 8665104 is divided by 2797?
2795
Calculate the remainder when 31588 is divided by 2028.
1168
What is the remainder when 105007096 is divided by 6?
4
Calculate the remainder when 1042801755 is divided by 1105.
1100
Calculate the remainder when 114893061 is divided by 99.
96
What is the remainder when 791170 is divided by 65930?
10
What is the remainder when 3183653 is divided by 157?
7
Calculate the remainder when 2880 is divided by 1321.
238
What is the remainder when 936627 is divided by 936609?
18
Calculate the remainder when 33334981 is divided by 99.
97
What is the remainder when 270496 is divided by 15020?
136
Calculate the remainder when 441068 is divided by 3379.
1798
What is the remainder when 4568765 is divided by 1522904?
53
Calculate the remainder when 17786388 is divided by 37210.
8
What is the remainder when 43884202 is divided by 43884196?
6
What is the remainder when 687286 is divided by 687210?
76
Calculate the remainder when 3178970 is divided by 2527.
4
Calculate the remainder when 15742402 is divided by 310.
292
What is the remainder when 175088845 is divided by 35?
15
Calculate the remainder when 3420067 is divided by 31.
23
Calculate the remainder when 958188 is divided by 5498.
1536
Calculate the remainder when 154192 is divided by 15418.
12
What is the remainder when 66312604 is divided by 68?
24
Calculate the remainder when 7771784 is divided by 597829.
7
What is the remainder when 8858160 is divided by 3?
0
What is the remainder when 28011309 is divided by 5417?
2
Calculate the remainder when 2505594 is divided by 2505562.
32
Calculate the remainder when 29829 is divided by 2288.
85
What is the remainder when 65863358 is divided by 10150?
8
What is the remainder when 13485231 is divided by 29?
28
Calculate the remainder when 7590120 is divided by 124428.
12
What is the remainder when 6102563 is divided by 91?
12
Calculate the remainder when 13037853 is divided by 744.
741
What is the remainder when 625059667 is divided by 47?
40
Calculate the remainder when 884061 is divided by 287.
101
What is the remainder when 7936802 is divided by 63?
62
What is the remainder when 33483 is divided by 255?
78
What is the remainder when 6889803 is divided by 124?
115
Calculate the remainder when 13627957 is divided by 92706.
175
What is the remainder when 15799922 is divided by 1148?
1146
What is the remainder when 206248882 is divided by 3213?
3199
What is the remainder when 1289150 is divided by 166?
160
Calculate the remainder when 163011 is divided by 54243.
282
Calculate the remainder when 596729 is divide